{"id":617,"date":"2019-04-02T00:42:45","date_gmt":"2019-04-02T00:42:45","guid":{"rendered":"http:\/\/ingelcom.pe\/?page_id=617"},"modified":"2019-04-03T17:41:46","modified_gmt":"2019-04-03T17:41:46","slug":"plataforma-industria-4-0","status":"publish","type":"page","link":"https:\/\/ingelcom.pe\/index.php\/servicios\/plataforma-industria-4-0\/","title":{"rendered":"PLATAFORMA INDUSTRIA 4.0"},"content":{"rendered":"\n<div class=\"wp-block-image\"><figure class=\"aligncenter is-resized\"><img loading=\"lazy\" decoding=\"async\" src=\"https:\/\/ingelcom.pe\/wp-content\/uploads\/2019\/04\/WhatsApp-Image-2019-03-26-at-6.47.57-PM-1.jpeg\" alt=\"\" class=\"wp-image-628\" width=\"567\" height=\"382\" srcset=\"https:\/\/ingelcom.pe\/wp-content\/uploads\/2019\/04\/WhatsApp-Image-2019-03-26-at-6.47.57-PM-1.jpeg 649w, https:\/\/ingelcom.pe\/wp-content\/uploads\/2019\/04\/WhatsApp-Image-2019-03-26-at-6.47.57-PM-1-300x202.jpeg 300w\" sizes=\"auto, (max-width: 567px) 100vw, 567px\" \/><\/figure><\/div>\n\n\n\n<div class=\"wp-block-media-text alignwide is-stacked-on-mobile\" style=\"grid-template-columns:25% auto\"><figure class=\"wp-block-media-text__media\"><img loading=\"lazy\" decoding=\"async\" width=\"560\" height=\"1024\" src=\"http:\/\/ingelcom.pe\/wp-content\/uploads\/2019\/04\/FINAL-CCA_INGELCOM_MOVIL-e1554165158446-560x1024.jpg\" alt=\"\" class=\"wp-image-630\" srcset=\"https:\/\/ingelcom.pe\/wp-content\/uploads\/2019\/04\/FINAL-CCA_INGELCOM_MOVIL-e1554165158446-560x1024.jpg 560w, https:\/\/ingelcom.pe\/wp-content\/uploads\/2019\/04\/FINAL-CCA_INGELCOM_MOVIL-e1554165158446-164x300.jpg 164w, https:\/\/ingelcom.pe\/wp-content\/uploads\/2019\/04\/FINAL-CCA_INGELCOM_MOVIL-e1554165158446-591x1080.jpg 591w, https:\/\/ingelcom.pe\/wp-content\/uploads\/2019\/04\/FINAL-CCA_INGELCOM_MOVIL-e1554165158446.jpg 703w\" sizes=\"auto, (max-width: 560px) 100vw, 560px\" \/><\/figure><div class=\"wp-block-media-text__content\">\n<p>Est\u00e1 surgiendo una nueva tecnolog\u00eda y paradigma empresarial: <strong>La Internet Industrial de las Cosas.<\/strong> Dispositivos interconectados, la maquinaria y la instalaciones est\u00e1n abriendo nuevas oportunidades, pero al mismo tiempo a\u00f1adiendo complejidad a su negocio. Queremos manejar esta complejidad por usted mediante la gesti\u00f3n de los aspectos t\u00e9cnicos esenciales para conectar sus instalaciones a escala global, d\u00e1ndoles el espacio necesario para aprovechar las oportunidades del <strong>IIoT<\/strong>, nuevos servicios, modelos de negocios y flujos de ingresos.  <\/p>\n\n\n\n<p><br>Lo invitamos a consultar por nuestras soluciones personalizadas de acuerdo a sus requerimientos. Ofrecemos una combinaci\u00f3n \u00fanica de conectividad, potente seguridad y costes manejables. Construido alrededor de nuestro concepto <strong>Connect,<br> Comunicate, Control and Analize(CCCA).<\/strong> <\/p>\n\n\n\n<p> Integramos todos los componentes y servicios necesarios para una soluci\u00f3n <strong>IIoT<\/strong> solidad desde el sensor a la nube. Para una operatividad global optima, trabajamos con <strong>proveedores tecnol\u00f3gicos del mas alto nivel. <\/strong>Brindando una solida seguridad a sus datos en cualquier momento, ya que utilizamos el cifrado de extremo a extremo. <\/p>\n\n\n\n<p>Con el uso del <strong>Internet Industrial de las Cosas<\/strong>, le garantizamos acceso a datos de sensores y maquinas desde cualquier lugar del mundo a trav\u00e9s <strong>del ERP o el sistema en la nube<\/strong> de sus elecci\u00f3n, brind\u00e1ndole toda la informaci\u00f3n relevante de un vistazo.<\/p>\n<\/div><\/div>\n\n\n\n<blockquote class=\"wp-block-quote is-style-large is-layout-flow wp-block-quote-is-layout-flow\"><p>Como INGELCOM hacemos mas que solo proveer tecnolog\u00eda: Nuestro enfoque hol\u00edstico significa que colaboramos con usted en par\u00e1metros vitales como la eficiencia general y el costo para desarrollar modelos de negocios. Por estas y muchas otras razones, nos consideramos un socio s\u00f3lido para el futuro de IIot de su negocio.<\/p><\/blockquote>\n\n\n\n<figure class=\"wp-block-embed-youtube aligncenter wp-block-embed is-type-video is-provider-youtube wp-embed-aspect-4-3 wp-has-aspect-ratio\"><div class=\"wp-block-embed__wrapper\">\n<div class='embed-container'><iframe loading=\"lazy\" width=\"1440\" height=\"1080\" src=\"https:\/\/www.youtube.com\/embed\/GlXxg9Y9-7k?feature=oembed\" frameborder=\"0\" allow=\"accelerometer; autoplay; encrypted-media; gyroscope; picture-in-picture\" allowfullscreen><\/iframe><\/div>\n<\/div><\/figure>\n","protected":false},"excerpt":{"rendered":"<p>Est\u00e1 surgiendo una nueva tecnolog\u00eda y paradigma empresarial: La Internet Industrial de las Cosas. Dispositivos interconectados, la maquinaria y la instalaciones est\u00e1n abriendo nuevas oportunidades, pero al mismo tiempo a\u00f1adiendo complejidad a su negocio. Queremos manejar esta complejidad por usted mediante la gesti\u00f3n de los aspectos t\u00e9cnicos esenciales para conectar sus instalaciones a escala global,&hellip; <br \/> <a class=\"read-more\" href=\"https:\/\/ingelcom.pe\/index.php\/servicios\/plataforma-industria-4-0\/\">Read more<\/a><\/p>\n","protected":false},"author":1,"featured_media":647,"parent":353,"menu_order":0,"comment_status":"closed","ping_status":"closed","template":"","meta":{"footnotes":""},"class_list":["post-617","page","type-page","status-publish","has-post-thumbnail","hentry"],"_links":{"self":[{"href":"https:\/\/ingelcom.pe\/index.php\/wp-json\/wp\/v2\/pages\/617","targetHints":{"allow":["GET"]}}],"collection":[{"href":"https:\/\/ingelcom.pe\/index.php\/wp-json\/wp\/v2\/pages"}],"about":[{"href":"https:\/\/ingelcom.pe\/index.php\/wp-json\/wp\/v2\/types\/page"}],"author":[{"embeddable":true,"href":"https:\/\/ingelcom.pe\/index.php\/wp-json\/wp\/v2\/users\/1"}],"replies":[{"embeddable":true,"href":"https:\/\/ingelcom.pe\/index.php\/wp-json\/wp\/v2\/comments?post=617"}],"version-history":[{"count":16,"href":"https:\/\/ingelcom.pe\/index.php\/wp-json\/wp\/v2\/pages\/617\/revisions"}],"predecessor-version":[{"id":642,"href":"https:\/\/ingelcom.pe\/index.php\/wp-json\/wp\/v2\/pages\/617\/revisions\/642"}],"up":[{"embeddable":true,"href":"https:\/\/ingelcom.pe\/index.php\/wp-json\/wp\/v2\/pages\/353"}],"wp:featuredmedia":[{"embeddable":true,"href":"https:\/\/ingelcom.pe\/index.php\/wp-json\/wp\/v2\/media\/647"}],"wp:attachment":[{"href":"https:\/\/ingelcom.pe\/index.php\/wp-json\/wp\/v2\/media?parent=617"}],"curies":[{"name":"wp","href":"https:\/\/api.w.org\/{rel}","templated":true}]}}